de 577547350?
True
Is 120579396 a multiple of 798?
True
Is 188132488 a multiple of 55?
False
Is 201770237 a multiple of 1315?
False
Is 4258456720 a multiple of 13930?
True
Does 1122 divide 456161442?
True
Is 60532710 a multiple of 164?
False
Is 586008666 a multiple of 67?
True
Is 367141241 a multiple of 42?
False
Is 368 a factor of 50432662?
False
Does 82 divide 1519059613?
False
Does 58 divide 245236704?
False
Is 266523590 a multiple of 15?
False
Is 134 a factor of 6399304?
True
Does 979 divide 1145060917?
True
Is 101899350 a multiple of 61?
False
Is 3890899 a multiple of 33?
False
Does 1528 divide 249611024?
True
Is 854928816 a multiple of 1624?
True
Does 574 divide 4171780?
False
Is 3758 a factor of 410463792?
True
Is 36 a factor of 965593332?
True
Does 17 divide 10237910?
True
Is 31396341 a multiple of 476?
False
Is 9 a factor of 41721921?
True
Is 24 a factor of 3070008?
True
Is 236 a factor of 959380592?
True
Is 59 a factor of 5313524?
False
Does 684 divide 395990766?
False
Is 15 a factor of 798238730?
False
Does 312 divide 26289432?
True
Does 46 divide 1435497252?
True
Does 15 divide 304879800?
True
Does 242 divide 703734064?
True
Does 1016 divide 4083822160?
True
Does 182 divide 3527524?
True
Does 76 divide 29328685?
False
Does 294 divide 6870571?
False
Is 25 a factor of 5199700?
True
Does 218 divide 7079986?
True
Is 55 a factor of 36887125?
True
Is 262920 a multiple of 8?
True
Is 1187 a factor of 391720354?
False
Does 51 divide 1220080203?
False
Is 139 a factor of 10042333?
True
Does 24 divide 12450312?
True
Is 6 a factor of 12296724?
True
Does 1419 divide 27407473?
False
Is 358116091 a multiple of 1049?
False
Is 15 a factor of 2440323374?
False
Does 6 divide 754355400?
True
Does 13 divide 1420943727?
False
Is 23 a factor of 80678388?
True
Is 530 a factor of 432277787?
False
Does 94 divide 77174564?
True
Is 1405 a factor of 491163271?
False
Is 111 a factor of 272576595?
True
Is 211559614 a multiple of 9?
False
Is 293294846 a multiple of 442?
True
Does 274 divide 219594286?
True
Does 346 divide 8310574?
True
Does 318 divide 367515780?
True
Does 33 divide 40774728?
False
Is 243171679 a multiple of 383?
True
Is 105 a factor of 34706070?
True
Does 34 divide 3646238?
False
Is 367167743 a multiple of 1431?
False
Is 12 a factor of 728310859?
False
Is 75910281 a multiple of 210?
False
Does 72 divide 69648480?
True
Is 32 a factor of 1660941120?
True
Is 13744184 a multiple of 896?
False
Is 401929196 a multiple of 170?
False
Is 262 a factor of 610601480?
True
Is 17 a factor of 1494047?
False
Is 384 a factor of 11498457?
False
Does 2010 divide 2064850810?
False
Is 80 a factor of 200029600?
True
Is 201 a factor of 85276059?
True
Is 1783946538 a multiple of 594?
True
Is 960833643 a multiple of 323?
False
Is 224209380 a multiple of 13?
False
Is 904602424 a multiple of 88?
True
Is 1253 a factor of 1295949081?
True
Does 16 divide 33739114?
False
Does 19 divide 2497070649?
True
Is 26 a factor of 9551854?
True
Is 78548211 a multiple of 27?
True
Is 70527842 a multiple of 14?
True
Does 43 divide 4866812321?
False
Does 1656 divide 37458720?
True
Is 7301944 a multiple of 721?
False
Is 2 a factor of 8286255?
False
Is 508485407 a multiple of 43?
False
Is 820776264 a multiple of 88?
True
Is 1223 a factor of 582938848?
False
Is 53 a factor of 24773713?
False
Is 257645690 a multiple of 51?
False
Does 5 divide 15644511?
False
Is 55676296 a multiple of 3?
False
Is 892875 a multiple of 15?
True
Does 111 divide 67551048?
True
Is 41 a factor of 25212868?
True
Does 136 divide 64398312?
True
Does 285 divide 1133572625?
False
Does 854 divide 63997906?
True
Is 91764688 a multiple of 1030?
False
Is 871 a factor of 1180268583?
True
Does 576 divide 39001996?
False
Does 44 divide 37751076?
True
Does 2058 divide 50986950?
True
Does 13 divide 27882352?
False
Is 1127212067 a multiple of 3204?
False
Does 186 divide 117119970?
False
Is 1552 a factor of 32242800?
True
Is 1967 a factor of 645331393?
True
Is 2 a factor of 38198215?
False
Is 1124 a factor of 1494969456?
True
Does 12 divide 549992400?
True
Is 177445642 a multiple of 24?
False
Is 1443562164 a multiple of 8031?
False
Does 466 divide 285573654?
True
Is 7 a factor of 6117405?
True
Is 181 a factor of 80623125?
False
Does 2735 divide 348313713?
False
Does 1979 divide 72411610?
True
Is 53 a factor of 25421291?
True
Is 779100 a multiple of 30?
True
Does 6 divide 60048853?
False
Is 682 a factor of 2529240648?
True
Does 13 divide 32800225?
False
Does 46 divide 39566010?
False
Is 2812204153 a multiple of 899?
True
Is 15 a factor of 2347200?
True
Is 79398488 a multiple of 13?
True
Does 3157 divide 87868781?
True
Is 1215788879 a multiple of 30?
False
Is 93 a factor of 5435235?
False
Does 62 divide 4836502?
False
Is 104038064 a multiple of 1576?
True
Is 649738275 a multiple of 75?
True
Does 10 divide 55651055?
False
Does 9031 divide 768822696?
False
Is 182 a factor of 355230148?
True
Is 880192057 a multiple of 15?
False
Is 85198416 a multiple of 62?
True
Is 6 a factor of 123494028?
True
Is 121 a factor of 138937040?
True
Is 244791991 a multiple of 19?
True
Is 25615703 a multiple of 25?
False
Is 172 a factor of 14267228?
True
Is 2265 a factor of 1171127813?
False
Is 7201505 a multiple of 199?
False
Does 47 divide 6071883?
True
Is 117 a factor of 43135326?
True
Is 394035028 a multiple of 47?
True
Does 37 divide 241124248?
False
Is 270581100 a multiple of 1789?
False
Does 180 divide 120438720?
True
Does 25 divide 623338193?
False
Does 753 divide 416901743?
False
Is 826071936 a multiple of 64?
True
Is 412377423 a multiple of 18?
False
Is 64879892 a multiple of 313?
True
Is 97808875 a multiple of 313?
False
Is 598646304 a multiple of 18?
True
Does 249 divide 193705068?
True
Is 21187980 a multiple of 324?
True
Is 23818302 a multiple of 4?
False
Does 375 divide 1233870375?
True
Is 279 a factor of 212544432?
True
Does 22 divide 459175490?
False
Is 4655918 a multiple of 9?
False
Is 1855 a factor of 436537150?
True
Is 11 a factor of 435630086?
False
Is 8 a factor of 1429119381?
False
Does 1467 divide 27663219?
True
Does 79 divide 5441204?
True
Is 6545 a factor of 875184310?
True
Is 3723 a factor of 311689560?
True
Does 41 divide 1298053973?
True
Is 26705323 a multiple of 624?
False
Is 4110301704 a multiple of 532?
False
Does 4 divide 31696?
True
Does 115 divide 279840158?
False
Does 198 divide 4173282?
False
Is 866101 a multiple of 8?
False
Is 38652390 a multiple of 14?
True
Does 8 divide 758520483?
False
Is 20672380 a multiple of 20?
True
Does 255 divide 12683445?
True
Is 221 a factor of 124498757?
False
Is 860 a factor of 4053180?
True
Is 23778774 a multiple of 34?
False
Is 225838870 a multiple of 10?
True
Is 119 a factor of 117270811?
True
Does 38 divide 2129980537?
False
Is 1307 a factor of 22665536?
False
Is 589 a factor of 409486347?
True
Is 14343293 a multiple of 1434?
False
Is 249 a factor of 2147575200?
True
Does 14 divide 80814230?
True
Is 21605357 a multiple of 111?
False
Is 55 a factor of 10023365?
True
Is 600851622 a multiple of 281?
True
Does 47 divide 3885769?
False
Is 1635569307 a multiple of 327?
True
Is 1110181855 a multiple of 629?
True
Is 754063125 a multiple of 215?
False
Is 3884148 a multiple of 12?
True
Is 37326362 a multiple of 66?
False
Is 8844760 a multiple of 4?
True
Is 126 a factor of 197442428?
False
Is 592832493 a multiple of 31?
False
Is 587242256 a multiple of 5?
False
Is 14 a factor of 772086?
True
Does 145 divide 19224552?
False
Is 275 a factor of 4419727?
False
Does 418 divide 17912614?
False
Does 1166 divide 209909671?
False
Does 1782 divide 49262835?
False
Is 103 a factor of 212151366?
True
Does 138 divide 12190567?
False
Is 2295 a factor of 90482670?
True
Is 175 a factor of 68452181?
False
Does 103 divide 2445117103?
True
Is 29 a factor of 4787799718?
True
Does 631 divide 19905526?
True
Is 1163 a factor of 161697705?
True
Is 129875595 a multiple of 16?
False
Does 14 divide 3840442?
False
Is 32 a factor of 376050176?
True
Is 6 a factor of 134206693?
False
Is 16889823 a multiple of 17?
True
Is 69 a factor of 108750348?
True
Is 53877454 a multiple of 23?
True
Does 382 divide 619981394?
False
Does 520 divide 341875063?
False
Is 41720256 a multiple of 64?
True
Is 536 a factor of 2893990496?
True
Is 353352